Give f(3).
-19
Let j(k) = -6*k + 502. Determine j(87).
-20
Let y(p) = -p**3 + 17*p**2 - 49*p - 22. Give y(5).
33
Let p(w) = 15*w**3 + 315*w**2 - 72*w - 1511. Determine p(-21).
1
Let l(w) = -w**3 + 2*w**2 - 30. What is l(8)?
-414
Let g(v) = -24*v + 461. Give g(15).
101
Let n(z) = -z**2 - 14*z + 447. Determine n(-30).
-33
Let c(r) = -70*r**2 + 26*r - 20. Give c(1).
-64
Let n(x) = x**3 + x - 97. Determine n(0).
-97
Let k(a) = -7*a + 12. Determine k(1).
5
Let b(l) = 12*l**3 - 2*l**2 - 11*l - 12. Give b(-2).
-94
Let z(v) = v**2 + 10*v - 1. Calculate z(9).
170
Let g(a) = -a**3 - 2*a**2 - 8*a - 347. Determine g(0).
-347
Let h(f) = -196*f + 14685. Calculate h(75).
-15
Let w(k) = -k**2 - 58*k - 610. Determine w(-44).
6
Let z(s) = 3*s**3 - 86*s**2 - 226*s + 288. What is z(31)?
9
Let w(s) = -s**3 + 12*s**2 + 28*s - 235. Give w(8).
245
Let o(j) = -2*j**2 + 117*j - 1524. Calculate o(20).
16
Let g(l) = -184*l + 2388. Determine g(13).
-4
Let x(y) = 25*y - 2499. What is x(100)?
1
Let k(n) = -n - 162. Give k(-34).
-128
Let z(h) = h**3 + 8*h**2 + 6*h + 71. What is z(-8)?
23
Let c(n) = 94*n - 762. Give c(8).
-10
Let u(s) = s**3 + 101*s**2 - 63*s + 4010. What is u(-102)?
32
Let z(h) = -30*h + 698. Give z(12).
338
Let x(q) = 2*q**2 - 22*q - 1441. What is x(-22)?
11
Let h(x) = -38*x**2 - 262*x + 24. What is h(-7)?
-4
Let h(n) = -n**3 - 64*n**2 - 702*n - 96. What is h(-50)?
4
Let m(q) = 11*q + 31. Determine m(13).
174
Let h(c) = -c - 10. Calculate h(20).
-30
Let p(q) = -9*q**2 - 9*q - 14. Give p(-2).
-32
Let v(i) = -287*i + 2044. What is v(7)?
35
Let r(k) = -k**2 - 9*k + 271. Give r(-21).
19
Let k(g) = g**2 + 158*g - 2051. Calculate k(12).
-11
Let a(s) = -2*s**3 - s**2 + 9. Give a(3).
-54
Let m(x) = -2*x**3 + 490*x**2 - 47*x + 11527. Determine m(245).
12
Let o(k) = -3*k**2 + 51*k + 68. Determine o(18).
14
Let d(y) = -10*y**2 - 18*y - 82. What is d(-5)?
-242
Let b(v) = 51*v - 92. Determine b(-6).
-398
Let m(r) = -r**2 - 2*r - 17. What is m(0)?
-17
Let o(x) = 384*x + 2686. Determine o(-7).
-2
Let u(g) = 7*g**2 + 22*g - 40. Give u(2).
32
Let g(l) = 210*l + 863. Determine g(-4).
23
Let l(s) = s**3 + 39*s**2 + 155*s - 588. Give l(-34).
-78
Let n(t) = -t**2 + 47*t + 4348. Give n(94).
-70
Let y(z) = z - 77. What is y(23)?
-54
Let y(v) = -5*v**2 - 90*v + 309. Calculate y(4).
-131
Let j(g) = -g**3 - 13*g**2 - 25*g - 56. Determine j(-11).
-23
Let y(i) = 5*i**2 - 3*i - 8. Determine y(2).
6
Let u(g) = 2*g**3 + 61*g**2 + 87*g - 9. Give u(-29).
-9
Let r(o) = -47*o**2 + 351*o - 148. Determine r(7).
6
Let y(f) = 387*f + 230. Give y(-1).
-157
Let t(m) = 16*m**2 - 85*m - 6. What is t(4)?
-90
Let a(s) = -97*s + 338. What is a(3)?
47
Let f(z) = -2*z**3 + 12*z**2 + 67*z + 125. Calculate f(10).
-5
Let f(j) = -j**3 - 14*j**2 - 10*j + 11. Determine f(-9).
-304
Let q(j) = -3*j**3 + 35*j**2 - 166*j + 849. Determine q(9).
3
Let u(s) = -76*s**2 + 1367*s - 2. Give u(18).
-20
Let u(q) = q**3 + 85*q**2 + 328*q + 6. Determine u(-4).
-10
Let v(s) = -25*s**2 + 936*s - 425. Give v(37).
-18
Let v(m) = -168*m + 1056. Give v(6).
48
Let v(l) = -15*l - 141. Calculate v(-9).
-6
Let a(j) = -j**3 + 40*j**2 + 214*j - 46. Determine a(-5).
9
Let m(a) = a**3 - 13*a**2 - 92*a - 19. What is m(-5)?
-9
Let h(f) = -180*f + 730. Determine h(4).
10
Let k(a) = -472*a + 20301. What is k(43)?
5
Let y(b) = -23*b - 392. What is y(-17)?
-1
Let t(i) = 2*i**3 - 22*i**2 + 24*i - 5. Give t(9).
-113
Let s(f) = 161*f + 2206. Give s(-14).
-48
Let n(c) = 11*c**3 + c**2 + 51*c + 50. Determine n(-1).
-11
Let o(q) = 51*q - 554. Calculate o(10).
-44
Let f(v) = 18*v**2 - 89*v + 23. Give f(9).
680
Let l(f) = 69*f - 6135. Determine l(89).
6
Let b(z) = -1527*z + 32062. Determine b(21).
-5
Let z(a) = 9*a**2 - 9*a - 4. What is z(-2)?
50
Let j(s) = 2*s**3 - 40*s**2 - 25*s - 386. What is j(21)?
-29
Let w(o) = -2*o**3 - 18*o**2 + 18*o - 38. Determine w(-10).
-18
Let k(w) = w**2 + 47*w - 614. Give k(11).
24
Let t(q) = q**2 + 5*q - 181. What is t(10)?
-31
Let z(b) = 4*b**2 - 47*b - 141. Give z(-3).
36
Let x(f) = 34*f**2 - 7*f - 4. Determine x(-1).
37
Let z(v) = -3*v - 113. What is z(-37)?
-2
Let j(b) = -2*b**2 - 37*b - 139. Determine j(-6).
11
Let c(a) = -40*a**2 - 12*a + 13. What is c(1)?
-39
Let y(x) = -12*x - 109. What is y(-6)?
-37
Let s(h) = -16*h + 1235. What is s(77)?
3
Let z(a) = 2*a**2 - 7*a - 160. Determine z(0).
-160
Let s(g) = 2*g**2 + 57*g - 232. What is s(4)?
28
Let m(h) = -2*h**2 + 3. Give m(-1).
1
Let c(n) = 3*n**3 - 28*n**2 + 11*n - 15. What is c(9)?
3
Let a(d) = d**2 - 22*d - 259. Give a(-8).
-19
Let u(l) = -20*l**3 - 4*l**2 + 4*l + 1. Determine u(3).
-563
Let n(y) = -5*y**3 - 89*y**2 - 15*y - 591. Give n(-18).
3
Let q(n) = -n**3 - 18*n**2 + 11*n - 147. Determine q(-19).
5
Let k(h) = 5*h**3 + 4*h**2 - 8*h + 4. Calculate k(2).
44
Let q(j) = -j**2 + 12570*j + 529701. Calculate q(-42).
-3
Let k(p) = -145*p - 2604. What is k(-18)?
6
Let d(x) = -4*x**2 - 42*x + 16. What is d(-11)?
-6
Let d(l) = l**3 - 165*l**2 + 6807*l - 85. What is d(82)?
-3
Let z(k) = -k**2 - 74*k - 422. Give z(-68).
-14
Let m(p) = -4*p**2 - 5*p - 75. What is m(7)?
-306
Let a(t) = t**3 - 17*t**2 - 63*t - 12. Give a(20).
-72
Let g(o) = 2*o**2 - 103*o + 1038. Give g(41).
177
Let r(n) = -n**2 - 216*n + 1114. Give r(5).
9
Let z(b) = -b**2 - 35*b - 133. Give z(-10).
117
Let l(g) = -7*g**3 - 47*g**2 - 8*g - 13. Determine l(-7).
141
Let m(g) = -771*g - 48. What is m(-1)?
723
Let c(y) = 37*y + 316. Determine c(-7).
57
Let n(i) = -i**2 + 8*i + 209. Give n(0).
209
Let r(w) = -w**2 - 4*w + 234. Give r(0).
234
Let d(w) = w**2 + 40*w + 427. What is d(-18)?
31
Let l(k) = -k**3 - 19*k**2 - 55*k + 82. Calculate l(-15).
7
Let w(c) = -c**2 - 25*c - 79. Calculate w(-4).
5
Let t(w) = -10*w - 391. What is t(-30)?
-91
Let a(s) = -31*s - 959. Determine a(-32).
33
Let q(x) = -226*x - 3622. What is q(-16)?
-6
Let f(s) = 92*s**2 - 4*s + 3. Calculate f(1).
91
Let z(v) = -276*v - 1034. Give z(-3).
-206
Let j(t) = t**3 + 25*t**2 + 33*t - 323. What is j(-23)?
-24
Let v(k) = 8*k - 195. Determine v(18).
-51
Let n(b) = 32*b - 2272. Calculate n(71).
0
Let m(l) = 3*l**3 - 18*l**2 - 8*l - 5. Give m(6).
-53
Let i(s) = 26*s - 2811. Calculate i(108).
-3
Let i(s) = 7*s**2 + 457*s - 176. Give i(-66).
154
Let o(c) = -c**2 + 25*c - 89. Calculate o(19).
25
Let p(a) = -8*a**2 + 55*a + 40. What is p(8)?
-32
Let n(a) = -294*a + 616. Give n(3).
-266
Let k(u) = -101*u + 1151. What is k(11)?
40
Let f(s) = 7*s + 490. Calculate f(-65).
35
Let x(o) = -284*o + 1081. Give x(4).
-55
Let x(u) = 5*u**2 - 10*u - 11. What is x(3)?
4
Let a(g) = g**2 - 2991*g + 17903. What is a(6)?
-7
Let s(w) = 2*w**3 - 8*w**2 - 40*w - 13. Calculate s(-3).
-19
Let u(m) = 4*m**2 + 346*m + 1501. Determine u(-82).
25
Let u(w) = -3*w**2 + 51*w + 584. What is u(25)?
-16
Let o(b) = -5*b - 170. What is o(-7)?
-135
Let d(k) = -k**3 - 38*k**2 - 167*k - 32. Calculate d(-33).
34
Let o(y) = -79*y + 3102. What is o(39)?
21
Let q(d) = -28*d**2 - 75*d + 12. Give q(3).
-465
Let d(p) = -p**3 - 10*p**2 + 6*p + 53. What is d(-5)?
-102
Let l(i) = i**2 + 571*i + 27918. Determine l(-54).
0
Let w(x) = 4334*x - 4335. Determine w(1).
-1
Let n(m) = 4*m**3 + 399*m**2 - 107*m - 681. Calculate n(-100).
19
Let a(k) = k**2 - 26*k - 47. Give a(37).
360
Let a(m) = -m**3 - 45*m**2 + 1271*m + 3522. Calculate a(-64).
2
Let m(x) = 2*x**2 + 89*x + 415. Give m(-6).
-47
Let k(l) = l**2 + 51*l + 504. Determine k(-37).
-14
Let k(v) = -4937*v - 4880. Give k(-1).
57
Let f(c) = 3*c**3 - 26*c**2 - 97. Determine f(9).
-16
Let b(h) = -h**3 + h**2 - 17*h - 44. Calculate b(-4).
104
Let n(s) = -s**2 - 22*s - 51. What is n(-17)?
34
Let s(o) = -116*o + 1724. Give s(15).
-16
Let u(s) = s**3 + 6*s**2 - 72*s + 36. What is u(-12)?
36
Let z(m) = 8*m**3 - 25*m**2 - 27*m - 2. Calculate z(-1).
-8
Let s(c) = -4*c**2 - 34*c - 8. Calculate s(-7).
34
Let z(s) = -84*s + 4146. Determine z(49).
30
Let k(v) = 4*v**2 - 62*v + 243. What is k(4)?
59
Let x(h) = -12*h + 546. Calculate x(45).
6
Let l(v) = -2*v**3 - 59*v**2 - 23*v + 212. Calculate l(-29).
38
Let d(x) = -2*x**2 + 76*x - 40. Calculate d(36).
104
Let x(j) = -j**3 + 13*j**2 + 129*j + 195. What is x(20)?
-25
Let m(v) = -16*v**3 - 2*v**2 - 11*v + 37. Give m(2).
-121
Let k(g) = 2*g**2 - 98*g - 1666. Give k(-13).
-54
Let n(j) = -11*j - 266. Determine n(